e remainder when 303 is divided by 77?
72
What is the remainder when 486 is divided by 14?
10
What is the remainder when 174 is divided by 36?
30
Calculate the remainder when 367 is divided by 110.
37
What is the remainder when 373 is divided by 12?
1
What is the remainder when 9180 is divided by 22?
6
Calculate the remainder when 25 is divided by 10.
5
What is the remainder when 418 is divided by 179?
60
Calculate the remainder when 504 is divided by 101.
100
What is the remainder when 135 is divided by 116?
19
Calculate the remainder when 201 is divided by 72.
57
Calculate the remainder when 68 is divided by 61.
7
What is the remainder when 118 is divided by 20?
18
What is the remainder when 449 is divided by 303?
146
What is the remainder when 157 is divided by 53?
51
What is the remainder when 313 is divided by 35?
33
What is the remainder when 179 is divided by 52?
23
What is the remainder when 706 is divided by 59?
57
Calculate the remainder when 8 is divided by 3.
2
What is the remainder when 793 is divided by 717?
76
What is the remainder when 1006 is divided by 43?
17
What is the remainder when 523 is divided by 116?
59
Calculate the remainder when 60 is divided by 21.
18
What is the remainder when 6238 is divided by 38?
6
Calculate the remainder when 865 is divided by 17.
15
What is the remainder when 59 is divided by 15?
14
What is the remainder when 1964 is divided by 125?
89
What is the remainder when 15 is divided by 6?
3
What is the remainder when 193 is divided by 49?
46
Calculate the remainder when 359 is divided by 202.
157
What is the remainder when 203 is divided by 105?
98
Calculate the remainder when 678 is divided by 201.
75
Calculate the remainder when 514 is divided by 23.
8
Calculate the remainder when 1063 is divided by 213.
211
Calculate the remainder when 287 is divided by 36.
35
What is the remainder when 197 is divided by 69?
59
Calculate the remainder when 273 is divided by 251.
22
Calculate the remainder when 297 is divided by 75.
72
Calculate the remainder when 370 is divided by 173.
24
What is the remainder when 45 is divided by 17?
11
What is the remainder when 3401 is divided by 54?
53
What is the remainder when 241 is divided by 18?
7
Calculate the remainder when 24247 is divided by 125.
122
Calculate the remainder when 134 is divided by 38.
20
What is the remainder when 3775 is divided by 419?
4
Calculate the remainder when 1187 is divided by 66.
65
What is the remainder when 1436 is divided by 206?
200
Calculate the remainder when 258 is divided by 61.
14
Calculate the remainder when 3958 is divided by 18.
16
Calculate the remainder when 1440 is divided by 39.
36
Calculate the remainder when 317 is divided by 23.
18
Calculate the remainder when 725 is divided by 234.
23
Calculate the remainder when 43 is divided by 29.
14
What is the remainder when 825 is divided by 137?
3
What is the remainder when 63 is divided by 27?
9
Calculate the remainder when 746 is divided by 84.
74
Calculate the remainder when 3563 is divided by 1168.
59
What is the remainder when 4742 is divided by 73?
70
What is the remainder when 633 is divided by 230?
173
What is the remainder when 310 is divided by 29?
20
What is the remainder when 86 is divided by 31?
24
Calculate the remainder when 93 is divided by 5.
3
What is the remainder when 90 is divided by 1?
0
What is the remainder when 1598 is divided by 133?
2
Calculate the remainder when 1662 is divided by 103.
14
What is the remainder when 69 is divided by 59?
10
Calculate the remainder when 168 is divided by 48.
24
Calculate the remainder when 424 is divided by 61.
58
What is the remainder when 113 is divided by 4?
1
What is the remainder when 402 is divided by 45?
42
What is the remainder when 132 is divided by 35?
27
Calculate the remainder when 831 is divided by 123.
93
What is the remainder when 5906 is divided by 14?
12
What is the remainder when 196 is divided by 80?
36
Calculate the remainder when 588 is divided by 119.
112
What is the remainder when 361 is divided by 138?
85
What is the remainder when 18 is divided by 10?
8
Calculate the remainder when 176 is divided by 15.
11
What is the remainder when 603 is divided by 210?
183
What is the remainder when 236 is divided by 24?
20
Calculate the remainder when 462 is divided by 119.
105
What is the remainder when 109 is divided by 27?
1
What is the remainder when 9111 is divided by 911?
1
What is the remainder when 181 is divided by 88?
5
What is the remainder when 130 is divided by 33?
31
What is the remainder when 373 is divided by 18?
13
Calculate the remainder when 106 is divided by 66.
40
Calculate the remainder when 1701 is divided by 839.
23
Calculate the remainder when 660 is divided by 110.
0
Calculate the remainder when 2040 is divided by 14.
10
Calculate the remainder when 85 is divided by 31.
23
What is the remainder when 189 is divided by 25?
14
Calculate the remainder when 671 is divided by 27.
23
What is the remainder when 110 is divided by 29?
23
What is the remainder when 40668 is divided by 35?
33
Calculate the remainder when 890 is divided by 15.
5
What is the remainder when 108 is divided by 14?
10
Calculate the remainder when 264 is divided by 87.
3
Calculate the remainder when 185 is divided by 31.
30
Calculate the remainder when 3936 is divided by 11.
9
What is the remainder when 382 is divided by 55?
52
What is the remainder when 373 is divided by 250?
123
What is the remainder when 2165 is divided by 316?
269
What is the remainder when 31373 is divided by 148?
145
What is the remainder when 22 is divided by 5?
2
Calculate the remainder when 8882 is divided by 2959.
5
Calculate the remainder when 247 is divided by 70.
37
What is the remainder when 143 is divided by 74?
69
What is the remainder when 4209 is divided by 26?
23
What is the remainder when 5379 is divided by 10?
9
What is the remainder when 838 is divided by 30?
28
Calculate the remainder when 109 is divided by 18.
1
Calculate the remainder when 3623 is divided by 93.
89
What is the remainder when 585 is divided by 210?
165
Calculate the remainder when 566 is divided by 187.
5
Calculate the remainder when 42 is divided by 11.
9
Calculate the remainder when 13486 is divided by 8.
6
What is the remainder when 25329 is divided by 34?
33
What is the remainder when 2123 is divided by 25?
23
What is the remainder when 3715 is divided by 63?
61
What is the remainder when 37 is divided by 14?
9
Calculate the remainder when 212 is divided by 71.
70
What is the remainder when 117 is divided by 40?
37
What is the remainder when 80 is divided by 34?
12
What is the remainder when 759 is divided by 127?
124
What is the remainder when 319 is divided by 20?
19
What is the remainder when 5287 is divided by 16?
7
Calculate the remainder when 23 is divided by 9.
5
What is the remainder when 925 is divided by 29?
26
What is the remainder when 437 is divided by 10?
7
What is the remainder when 506 is divided by 62?
10
Calculate the remainder when 21941 is divided by 69.
68
What is the remainder when 1135 is divided by 44?
35
Calculate the remainder when 398 is divided by 57.
56
What is the remainder when 790 is divided by 9?
7
Calculate the remainder when 507 is divided by 105.
87
Calculate the remainder when 348 is divided by 28.
12
Calculate the remainder when 50 is divided by 44.
6
What is the remainder when 801 is divided by 172?
113
Calculate the remainder when 81 is divided by 2.
1
Calculate the remainder when 1247 is divided by 38.
31
What is the remainder when 150 is divided by 11?
7
Calculate the remainder when 340 is divided by 92.
64
What is the remainder when 100 is divided by 65?
35
Calculate the remainder when 2044 is divided by 47.
23
What is the remainder when 70 is divided by 29?
12
What is the remainder when 173 is divided by 93?
80
What is the remainder when 24 is divided by 5?
4
What is the remainder when 5928 is divided by 77?
76
Calculate the remainder when 162 is divided by 110.
52
What is the remainder when 3474 is divided by 79?
77
What is the remainder when 338 is divided by 22?
8
What is the remainder when 3472 is divided by 11?
7
What is the remainder when 106 is divided by 57?
49
Calculate the remainder when 220 is divid